{"id":40,"date":"2023-08-22T09:13:23","date_gmt":"2023-08-22T07:13:23","guid":{"rendered":"https:\/\/serendipia.icu\/?page_id=40"},"modified":"2023-08-22T10:54:48","modified_gmt":"2023-08-22T08:54:48","slug":"contribuciones-jornadas-y-congresos-poster","status":"publish","type":"page","link":"https:\/\/serendipia.icu\/index.php\/contribuciones\/contribuciones-jornadas-y-congresos-poster\/","title":{"rendered":"Jornadas y Congresos (P\u00f3ster)"},"content":{"rendered":"<h2>2018 &#8211;\u00a0Zonas verdes urbanas, ocio familiar y salud: el caso de C\u00e1diz<\/h2>\n<p>ADSP\u2010GISPCA<\/p>\n<p><a href=\"https:\/\/serendipia.icu\/wp-content\/uploads\/2023\/08\/POSTER-ZVU_144dpi_75.pdf\">P\u00f3ster\u00a0<\/a><\/p>\n<hr \/>\n<h2>2018 &#8211;\u00a0Casas de apuestas, juego patol\u00f3gico y empobrecimiento de los barrios<\/h2>\n<p>ADSP\u2010GISPCA<\/p>\n<p><a href=\"https:\/\/serendipia.icu\/wp-content\/uploads\/2023\/08\/Ludopatia-ppt.pdf\">P\u00f3ster<\/a><\/p>\n<hr \/>\n<h2>2018 &#8211; Amenazas a la equidad territorial: el elitismo residencial<\/h2>\n<p>ADSP\u2010GISPCA<\/p>\n<p><a href=\"https:\/\/serendipia.icu\/wp-content\/uploads\/2023\/08\/Poster-Gentrificacion_144dpi_75.pdf\">P\u00f3ster<\/a><\/p>\n<hr \/>\n<h2>2018 &#8211;\u00a0Mitos y realidades del tri\u00e1ngulo suicida: la perspectiva del estudio del suicidio desde las \u00e1reas peque\u00f1as<\/h2>\n<p>ADSP\u2010GISPCA<\/p>\n<p><a href=\"https:\/\/serendipia.icu\/wp-content\/uploads\/2023\/08\/SUICIDIO-ZONAS-PEQUENAS_compressed.pdf\">P\u00f3ster<\/a><\/p>\n<hr \/>\n<h2>2018 &#8211; Programa de adhesi\u00f3n de las farmacias andaluzas a la Red Andaluza de Servicios Sanitarios y Espacios Libres de Humo<\/h2>\n<p>Consejo General de Colegios Oficiales de Farmac\u00e9uticos<\/p>\n<hr \/>\n<h2>2013 &#8211;\u00a0Prevenci\u00f3n del tabaquismo en Andaluc\u00eda: criterios de evidencia cient\u00edfica en un programa en el espacio educativo<\/h2>\n<p>SESPAS<\/p>\n<hr \/>\n<h2>2012 &#8211; Optimizaci\u00f3n de los tiempos administrativos<\/h2>\n<p>Asociaci\u00f3n Andaluza de Adminitraci\u00f3n de la Salud<\/p>\n<hr \/>\n<h2>2011 &#8211;\u00a0Estrategia de intervenci\u00f3n comunitaria ante un brote de enfermedad vacunable<\/h2>\n<p>Asociaci\u00f3n Espa\u00f1ola de Vacunolog\u00eda<\/p>\n<hr \/>\n<h2>2011 &#8211;\u00a0Plan de sensibilizaci\u00f3n y formaci\u00f3n contra la violencia de g\u00e9nero de profesionales del DS Bah\u00eda de C\u00e1diz\u2010La Janda<\/h2>\n<p>Escuela Nacional de Salud\u2010Instituto de la Mujer<\/p>\n<hr \/>\n<h2>2010 &#8211; Actividad f\u00edsica y calidad de vida en personas con VIH de la casa hogar gerasa: por un mill\u00f3n de pasos<\/h2>\n<p>SEISIDA<\/p>\n<hr \/>\n<h2>2009 &#8211;\u00a0Diferencias de g\u00e9nero en el consumo de tabaco, marihuana y derivados del c\u00e1nnabis en adolescentes escolarizados<\/h2>\n<p>Escuela Andaluza de Salud P\u00fablica\u2010 Consejer\u00eda de Salud<\/p>\n<hr \/>\n<h2>2009 &#8211;\u00a0Factores que influyen en el buen desarrollo del programa de tabaquismo en una unidad de gesti\u00f3n cl\u00ednica<\/h2>\n<p>Escuela Andaluza de Salud P\u00fablica &#8211; Consejer\u00eda de Salud<\/p>\n<hr \/>\n<h2>2009 &#8211;\u00a0H\u00e1bito tab\u00e1quico y riesgo cardiovascular en personas con vih\u2010sida en riesgo de exclusi\u00f3n social<\/h2>\n<p>SEISIDA<\/p>\n<hr \/>\n<h2>2009 &#8211;\u00a0Evaluaci\u00f3n de la efectividad del m\u00e9todo promoveo en poblaci\u00f3n en vih en situaci\u00f3n de exclusi\u00f3n social<\/h2>\n<p>SEISIDA<\/p>\n<hr \/>\n<h2>2009 &#8211;\u00a0Prevenci\u00f3n de VIH\u2010SIDA en centros penitenciarios: \u00abContra el sida deja tu huella\u00bb<\/h2>\n<p>SEISIDA<\/p>\n<hr \/>\n<h2>2009 &#8211;\u00a0Promoci\u00f3n de salud en poblaci\u00f3n vih\u2010sida en situaci\u00f3n de exclusi\u00f3n social<\/h2>\n<p>SEISIDA<\/p>\n<hr \/>\n<h2>2009 &#8211;\u00a0Promoci\u00f3n de salud en situaciones de privaci\u00f3n de libertad<\/h2>\n<p>SESPAS<\/p>\n<hr \/>\n<h2>2009 &#8211; Jugando para dejar de fumar<\/h2>\n<p>CNPT<\/p>\n<hr \/>\n<h2>2008 &#8211;\u00a0Deshabituaci\u00f3n tab\u00e1quica en personas inmigradas privadas de libertad<\/h2>\n<p>Escuela Andaluza de Salud P\u00fablica<\/p>\n<hr \/>\n<h2>2008 &#8211; Asociaci\u00f3n mental en las palabras \u00abdroga\u00bb y \u00abtabaco\u00bb e implicaciones en el consumo de esta sustancia<\/h2>\n<p>Sociedad Andaluza para el Abordaje del Tabaquismo<\/p>\n<hr \/>\n<h2>2007 &#8211; Dibujos animados, tebeos, tabaco y \u00abotras cosas para ni\u00f1os\u00bb<\/h2>\n<p>Escuela Andaluza de Salud P\u00fablica<\/p>\n<p>&nbsp;<\/p>\n","protected":false},"excerpt":{"rendered":"<p>2018 &#8211;\u00a0Zonas verdes urbanas, ocio familiar y salud: el caso de C\u00e1diz ADSP\u2010GISPCA P\u00f3ster\u00a0 2018 &#8211;\u00a0Casas de apuestas, juego patol\u00f3gico y empobrecimiento de los barrios ADSP\u2010GISPCA P\u00f3ster 2018 &#8211; Amenazas a la equidad territorial: el elitismo residencial ADSP\u2010GISPCA P\u00f3ster 2018 &#8211;\u00a0Mitos y realidades del tri\u00e1ngulo suicida: la perspectiva del estudio del suicidio desde las \u00e1reas [&hellip;]<\/p>\n","protected":false},"author":1,"featured_media":0,"parent":49,"menu_order":0,"comment_status":"closed","ping_status":"closed","template":"","meta":{"_uag_custom_page_level_css":"","jetpack_post_was_ever_published":false,"_joinchat":[],"footnotes":""},"class_list":["post-40","page","type-page","status-publish","hentry"],"uagb_featured_image_src":{"full":false,"thumbnail":false,"medium":false,"medium_large":false,"large":false,"1536x1536":false,"2048x2048":false},"uagb_author_info":{"display_name":"daniel_lv","author_link":"https:\/\/serendipia.icu\/index.php\/author\/daniel_lv\/"},"uagb_comment_info":0,"uagb_excerpt":"2018 &#8211;\u00a0Zonas verdes urbanas, ocio familiar y salud: el caso de C\u00e1diz ADSP\u2010GISPCA P\u00f3ster\u00a0 2018 &#8211;\u00a0Casas de apuestas, juego patol\u00f3gico y empobrecimiento de los barrios ADSP\u2010GISPCA P\u00f3ster 2018 &#8211; Amenazas a la equidad territorial: el elitismo residencial ADSP\u2010GISPCA P\u00f3ster 2018 &#8211;\u00a0Mitos y realidades del tri\u00e1ngulo suicida: la perspectiva del estudio del suicidio desde las \u00e1reas&hellip;","jetpack-related-posts":[],"jetpack_sharing_enabled":true,"_links":{"self":[{"href":"https:\/\/serendipia.icu\/index.php\/wp-json\/wp\/v2\/pages\/40","targetHints":{"allow":["GET"]}}],"collection":[{"href":"https:\/\/serendipia.icu\/index.php\/wp-json\/wp\/v2\/pages"}],"about":[{"href":"https:\/\/serendipia.icu\/index.php\/wp-json\/wp\/v2\/types\/page"}],"author":[{"embeddable":true,"href":"https:\/\/serendipia.icu\/index.php\/wp-json\/wp\/v2\/users\/1"}],"replies":[{"embeddable":true,"href":"https:\/\/serendipia.icu\/index.php\/wp-json\/wp\/v2\/comments?post=40"}],"version-history":[{"count":13,"href":"https:\/\/serendipia.icu\/index.php\/wp-json\/wp\/v2\/pages\/40\/revisions"}],"predecessor-version":[{"id":74,"href":"https:\/\/serendipia.icu\/index.php\/wp-json\/wp\/v2\/pages\/40\/revisions\/74"}],"up":[{"embeddable":true,"href":"https:\/\/serendipia.icu\/index.php\/wp-json\/wp\/v2\/pages\/49"}],"wp:attachment":[{"href":"https:\/\/serendipia.icu\/index.php\/wp-json\/wp\/v2\/media?parent=40"}],"curies":[{"name":"wp","href":"https:\/\/api.w.org\/{rel}","templated":true}]}}

Jornadas y Congresos (Póster)

<h2>2018 &#8211; Zonas verdes urbanas, ocio familiar y salud: el caso de Cádiz</h2>
<p>ADSP‐GISPCA</p>
<p><a href="https://serendipia.icu/wp-content/uploads/2023/08/POSTER-ZVU_144dpi_75.pdf">Póster </a></p>
<hr />
<h2>2018 &#8211; Casas de apuestas, juego patológico y empobrecimiento de los barrios</h2>
<p>ADSP‐GISPCA</p>
<p><a href="https://serendipia.icu/wp-content/uploads/2023/08/Ludopatia-ppt.pdf">Póster</a></p>
<hr />
<h2>2018 &#8211; Amenazas a la equidad territorial: el elitismo residencial</h2>
<p>ADSP‐GISPCA</p>
<p><a href="https://serendipia.icu/wp-content/uploads/2023/08/Poster-Gentrificacion_144dpi_75.pdf">Póster</a></p>
<hr />
<h2>2018 &#8211; Mitos y realidades del triángulo suicida: la perspectiva del estudio del suicidio desde las áreas pequeñas</h2>
<p>ADSP‐GISPCA</p>
<p><a href="https://serendipia.icu/wp-content/uploads/2023/08/SUICIDIO-ZONAS-PEQUENAS_compressed.pdf">Póster</a></p>
<hr />
<h2>2018 &#8211; Programa de adhesión de las farmacias andaluzas a la Red Andaluza de Servicios Sanitarios y Espacios Libres de Humo</h2>
<p>Consejo General de Colegios Oficiales de Farmacéuticos</p>
<hr />
<h2>2013 &#8211; Prevención del tabaquismo en Andalucía: criterios de evidencia científica en un programa en el espacio educativo</h2>
<p>SESPAS</p>
<hr />
<h2>2012 &#8211; Optimización de los tiempos administrativos</h2>
<p>Asociación Andaluza de Adminitración de la Salud</p>
<hr />
<h2>2011 &#8211; Estrategia de intervención comunitaria ante un brote de enfermedad vacunable</h2>
<p>Asociación Española de Vacunología</p>
<hr />
<h2>2011 &#8211; Plan de sensibilización y formación contra la violencia de género de profesionales del DS Bahía de Cádiz‐La Janda</h2>
<p>Escuela Nacional de Salud‐Instituto de la Mujer</p>
<hr />
<h2>2010 &#8211; Actividad física y calidad de vida en personas con VIH de la casa hogar gerasa: por un millón de pasos</h2>
<p>SEISIDA</p>
<hr />
<h2>2009 &#8211; Diferencias de género en el consumo de tabaco, marihuana y derivados del cánnabis en adolescentes escolarizados</h2>
<p>Escuela Andaluza de Salud Pública‐ Consejería de Salud</p>
<hr />
<h2>2009 &#8211; Factores que influyen en el buen desarrollo del programa de tabaquismo en una unidad de gestión clínica</h2>
<p>Escuela Andaluza de Salud Pública &#8211; Consejería de Salud</p>
<hr />
<h2>2009 &#8211; Hábito tabáquico y riesgo cardiovascular en personas con vih‐sida en riesgo de exclusión social</h2>
<p>SEISIDA</p>
<hr />
<h2>2009 &#8211; Evaluación de la efectividad del método promoveo en población en vih en situación de exclusión social</h2>
<p>SEISIDA</p>
<hr />
<h2>2009 &#8211; Prevención de VIH‐SIDA en centros penitenciarios: «Contra el sida deja tu huella»</h2>
<p>SEISIDA</p>
<hr />
<h2>2009 &#8211; Promoción de salud en población vih‐sida en situación de exclusión social</h2>
<p>SEISIDA</p>
<hr />
<h2>2009 &#8211; Promoción de salud en situaciones de privación de libertad</h2>
<p>SESPAS</p>
<hr />
<h2>2009 &#8211; Jugando para dejar de fumar</h2>
<p>CNPT</p>
<hr />
<h2>2008 &#8211; Deshabituación tabáquica en personas inmigradas privadas de libertad</h2>
<p>Escuela Andaluza de Salud Pública</p>
<hr />
<h2>2008 &#8211; Asociación mental en las palabras «droga» y «tabaco» e implicaciones en el consumo de esta sustancia</h2>
<p>Sociedad Andaluza para el Abordaje del Tabaquismo</p>
<hr />
<h2>2007 &#8211; Dibujos animados, tebeos, tabaco y «otras cosas para niños»</h2>
<p>Escuela Andaluza de Salud Pública</p>
<p>&nbsp;</p>

<p>2018 &#8211; Zonas verdes urbanas, ocio familiar y salud: el caso de Cádiz ADSP‐GISPCA Póster  2018 &#8211; Casas de apuestas, juego patológico y empobrecimiento de los barrios ADSP‐GISPCA Póster 2018 &#8211; Amenazas a la equidad territorial: el elitismo residencial ADSP‐GISPCA Póster 2018 &#8211; Mitos y realidades del triángulo suicida: la perspectiva del estudio del suicidio desde las áreas [&hellip;]</p>

2018 &#8211; Zonas verdes urbanas, ocio familiar y salud: el caso de Cádiz ADSP‐GISPCA Póster  2018 &#8211; Casas de apuestas, juego patológico y empobrecimiento de los barrios ADSP‐GISPCA Póster 2018 &#8211; Amenazas a la equidad territorial: el elitismo residencial ADSP‐GISPCA Póster 2018 &#8211; Mitos y realidades del triángulo suicida: la perspectiva del estudio del suicidio desde las áreas&hellip;
