{"id":100,"date":"2023-08-22T11:35:38","date_gmt":"2023-08-22T09:35:38","guid":{"rendered":"https:\/\/serendipia.icu\/?page_id=100"},"modified":"2023-12-07T22:39:19","modified_gmt":"2023-12-07T21:39:19","slug":"publicaciones","status":"publish","type":"page","link":"https:\/\/serendipia.icu\/index.php\/investigacion\/publicaciones\/","title":{"rendered":"Publicaciones"},"content":{"rendered":"<h2>Libros<\/h2>\n<p><span style=\"color: #000000;\"><a href=\"https:\/\/papageno.es\/en-mis-zapatos-guia-de-recomendaciones-para-comunicar-sobre-el-suicidio-descarga-gratuita\"><img data-recalc-dims=\"1\" loading=\"lazy\" decoding=\"async\" class=\"alignleft wp-image-195\" src=\"https:\/\/i0.wp.com\/serendipia.icu\/wp-content\/uploads\/2023\/08\/PORTADA.png?resize=56%2C79&#038;ssl=1\" alt=\"\" width=\"56\" height=\"79\" srcset=\"https:\/\/i0.wp.com\/serendipia.icu\/wp-content\/uploads\/2023\/08\/PORTADA.png?resize=212%2C300&amp;ssl=1 212w, https:\/\/i0.wp.com\/serendipia.icu\/wp-content\/uploads\/2023\/08\/PORTADA.png?resize=724%2C1024&amp;ssl=1 724w, https:\/\/i0.wp.com\/serendipia.icu\/wp-content\/uploads\/2023\/08\/PORTADA.png?resize=768%2C1086&amp;ssl=1 768w, https:\/\/i0.wp.com\/serendipia.icu\/wp-content\/uploads\/2023\/08\/PORTADA.png?resize=1086%2C1536&amp;ssl=1 1086w, https:\/\/i0.wp.com\/serendipia.icu\/wp-content\/uploads\/2023\/08\/PORTADA.png?w=1414&amp;ssl=1 1414w\" sizes=\"auto, (max-width: 56px) 100vw, 56px\" \/><\/a><a style=\"color: #000000;\" href=\"https:\/\/papageno.es\/en-mis-zapatos-guia-de-recomendaciones-para-comunicar-sobre-el-suicidio-descarga-gratuita\">L\u00f3pez-Vega, D.J, de Quesada, M., Morell, M.F., Mart\u00ednez-Vallier, C., C\u00f3rdoba-Santos, G., Tornero, D., S\u00e1nchez-Alegre, C., Torrescusa, O. Serra-Olives, N. (2018). En mis zapatos. Gu\u00eda de recomendaciones para comunicar sobre el suicidio. Sevilla: Papageno &amp; La Ni\u00f1a Amarilla &amp; AFASIB ISBN: <span class=\"OYPEnA text-decoration-none text-strikethrough-none\">978-84-09-42869-4<\/span><\/a><\/span><\/p>\n<p>&nbsp;<\/p>\n<hr \/>\n<p><span style=\"color: #000000;\">L\u00f3pez Vega, D.J. (2017) Festival de \u00c1nimas. C\u00e1diz: Kokoro ISBN: 978\u201084\u2010697\u20106173\u20101<\/span><\/p>\n<hr \/>\n<p><span style=\"color: #000000;\">L\u00f3pez Vega, D.J. (2016) Conducta Suicida en la Guardia Civil. C\u00e1diz: Sotavento ISBN: 978\u201084\u2010 617\u20104963\u20108<\/span><\/p>\n<hr \/>\n<p><span style=\"color: #000000;\">Garc\u00eda Sadaba, I., Gil Barcenilla, B., L\u00f3pez Vega, D.J., Mentuy Isus, P., Sagrera P\u00e9rez, R. (2008) Gu\u00eda para ayudar a chicos y chicas adolescentes a dejar de fumar para los profesionales del \u00e1mbito de la salud. Sevilla: Consejer\u00eda de Salud ISBN: 978\u201084\u20106914759\u20107<\/span><\/p>\n<hr \/>\n<p><span style=\"color: #000000;\"><a href=\"https:\/\/books.google.com.gt\/books?id=J6Ddx4LMVZgC&amp;printsec=frontcover&amp;hl=es#v=onepage&amp;q&amp;f=false\"><img data-recalc-dims=\"1\" loading=\"lazy\" decoding=\"async\" class=\"alignleft wp-image-193\" src=\"https:\/\/i0.wp.com\/serendipia.icu\/wp-content\/uploads\/2023\/08\/descarga.jpg?resize=56%2C78&#038;ssl=1\" alt=\"\" width=\"56\" height=\"78\" \/><\/a><a style=\"color: #000000;\" href=\"https:\/\/books.google.com.gt\/books?id=J6Ddx4LMVZgC&amp;printsec=frontcover&amp;hl=es#v=onepage&amp;q&amp;f=false\">L\u00f3pez Vega, D.J. (2004) Relaci\u00f3n Humana y Psicoterapia. C\u00e1diz: CESJE ISBN: 609\u20100519\u20105<\/a><\/span><\/p>\n<p>&nbsp;<\/p>\n<p>&nbsp;<\/p>\n<p>&nbsp;<\/p>\n<hr \/>\n<h2>Cap\u00edtulos de libros<\/h2>\n<p>L\u00f3pez- Vega, D.J., del R\u00edo Olvera, F.J.y Garc\u00eda, M.F. (2023) Colectivos vulnerables para la conducta suicida. En: Manual de psicolog\u00eda de la conducta suicida (pp. 235-271). Lugar de publicaci\u00f3n: Pir\u00e1mide<\/p>\n<hr \/>\n<h2><\/h2>\n<h2><span style=\"color: #000000;\">Art\u00edculos<\/span><\/h2>\n<p><span style=\"color: #000000;\"><a href=\"https:\/\/serendipia.icu\/wp-content\/uploads\/2023\/08\/ARTICULO-1.pdf\"><img data-recalc-dims=\"1\" loading=\"lazy\" decoding=\"async\" class=\"alignleft wp-image-183\" src=\"https:\/\/i0.wp.com\/serendipia.icu\/wp-content\/uploads\/2023\/08\/imagen-2.jpg?resize=56%2C79&#038;ssl=1\" alt=\"\" width=\"56\" height=\"79\" \/><\/a><a style=\"color: #000000;\" href=\"https:\/\/serendipia.icu\/wp-content\/uploads\/2023\/08\/ARTICULO-1.pdf\">Ba\u00f1os-Chaparro, J., L\u00f3pez-Vega, D. J., Delgado, F. L., Jacobi-Romero, D. J., Mar\u00edn-Contreras, J., &amp; Ynquillay-Lima, P. Traducci\u00f3n y validez del Acquired Capability for Suicide Scale Fearlessness About Death en adultos peruanos. Revista de Investigaci\u00f3n en Psicolog\u00eda, 26(1), 117-132.<\/a><\/span><\/p>\n<p><span style=\"color: #000000;\"><a style=\"color: #000000;\" href=\"https:\/\/revistasinvestigacion.unmsm.edu.pe\/index.php\/psico\/article\/view\/24034\">ENLACE A LA REVISTA<\/a><\/span><\/p>\n<hr \/>\n<p><span style=\"color: #000000;\"><img data-recalc-dims=\"1\" loading=\"lazy\" decoding=\"async\" class=\"alignleft wp-image-177\" src=\"https:\/\/i0.wp.com\/serendipia.icu\/wp-content\/uploads\/2023\/08\/recista_cubana_medicina_militar.jpg?resize=56%2C64&#038;ssl=1\" alt=\"\" width=\"56\" height=\"64\" \/><a style=\"color: #000000;\" href=\"https:\/\/serendipia.icu\/wp-content\/uploads\/2023\/08\/ARTICULO-2.pdf\">Ba\u00f1os-Chaparro, J., L\u00f3pez-Vega, D. J., Lamas-Delgado, F., Jacobi-Romero, D. J., Mar\u00edn-Contreras, J., &amp; Ynquillay-Lima, P. (2023). Traducci\u00f3n y validez de la Stigma of Suicide Scale Short Form (SOSS-SF) en poblaci\u00f3n peruana. Revista Cubana de Medicina Militar, 52(2), 02302553.<\/a><\/span><\/p>\n<p><span style=\"color: #000000;\"><a style=\"color: #000000;\" href=\"https:\/\/revmedmilitar.sld.cu\/index.php\/mil\/article\/view\/2553\">ENLACE A LA REVISTA<\/a><\/span><\/p>\n<hr \/>\n<p><span style=\"color: #000000;\"><a style=\"color: #000000;\" href=\"https:\/\/serendipia.icu\/wp-content\/uploads\/2023\/08\/ARTICULO-3.pdf\"><img data-recalc-dims=\"1\" loading=\"lazy\" decoding=\"async\" class=\"alignleft wp-image-175\" src=\"https:\/\/i0.wp.com\/serendipia.icu\/wp-content\/uploads\/2023\/08\/imagen-1.jpg?resize=56%2C76&#038;ssl=1\" alt=\"\" width=\"56\" height=\"76\" \/><\/a><a style=\"color: #000000;\" href=\"https:\/\/serendipia.icu\/wp-content\/uploads\/2023\/08\/ARTICULO-3.pdf\">L\u00f3pez-Vega, D. J. Del R\u00edo-Olvera, F. J.\u00a0 &amp; Ru\u00edz-Bernal, A. M. (2014). An\u00e1lisis psicom\u00e9trico de la Escala de Soledad de UCLA (Versi\u00f3n 3) en una muestra de guardias civiles. Apuntes de Psicolog\u00eda, 32(3), 289-294.<\/a><\/span><\/p>\n<p><span style=\"color: #000000;\"><a style=\"color: #000000;\" href=\"https:\/\/www.apuntesdepsicologia.es\/index.php\/revista\/article\/view\/527\">ENLACE A LA REVISTA<\/a><\/span><\/p>\n<hr \/>\n<p><span style=\"color: #000000;\"><a style=\"color: #000000;\" href=\"https:\/\/serendipia.icu\/wp-content\/uploads\/2023\/08\/3.1.2.-Adaptacion-del-cuestionario-Sexual-Opinion-Survey-Encuesta-Revisada-de-Opinion-Sexual.pdf\"><img data-recalc-dims=\"1\" loading=\"lazy\" decoding=\"async\" class=\"alignleft wp-image-170\" src=\"https:\/\/i0.wp.com\/serendipia.icu\/wp-content\/uploads\/2023\/08\/imagen.jpg?resize=56%2C75&#038;ssl=1\" alt=\"\" width=\"56\" height=\"75\" \/><\/a><a style=\"color: #000000;\" href=\"https:\/\/serendipia.icu\/wp-content\/uploads\/2023\/08\/3.1.2.-Adaptacion-del-cuestionario-Sexual-Opinion-Survey-Encuesta-Revisada-de-Opinion-Sexual.pdf\">del R\u00edo-Olvera, F. J., L\u00f3pez-Vega, D. J. L., &amp; Santamar\u00eda, F. C. (2013). Adaptaci\u00f3n del cuestionario sexual opinion survey: Encuesta Revisada de Opini\u00f3n Sexual. Revista internacional de Androlog\u00eda, 11(1), 9-16.Adaptaci\u00f3n del cuestionario Sexual Opinion Survey<\/a><\/span><\/p>\n<p><span style=\"color: #000000;\"><a style=\"color: #000000;\" href=\"https:\/\/www.sciencedirect.com\/science\/article\/abs\/pii\/S1698031X12700687\">ENLACE A LA REVISTA<\/a><\/span><\/p>\n<hr \/>\n<p><span style=\"color: #000000;\"><a style=\"color: #000000;\" href=\"https:\/\/serendipia.icu\/wp-content\/uploads\/2023\/08\/3.1.2.-Adaptacion-del-cuestionario-Sexual-Opinion-Survey-Encuesta-Revisada-de-Opinion-Sexual.pdf\"><img data-recalc-dims=\"1\" loading=\"lazy\" decoding=\"async\" class=\"alignleft wp-image-170\" src=\"https:\/\/i0.wp.com\/serendipia.icu\/wp-content\/uploads\/2023\/08\/imagen.jpg?resize=56%2C75&#038;ssl=1\" alt=\"\" width=\"56\" height=\"75\" \/><\/a><a style=\"color: #000000;\" href=\"https:\/\/serendipia.icu\/wp-content\/uploads\/2023\/08\/ARTICULO-5.pdf\">del R\u00edo Olvera, F. J., Santamar\u00eda, F. C., Garc\u00eda, M. A. C., &amp; Vega, D. J. L. (2012). SOSPECHA (Sexual Opinion Survey en poblaci\u00f3n espa\u00f1ola con historial de adicciones). Revista Internacional de Androlog\u00eda, 10(4), 125-131.<\/a><\/span><\/p>\n<p><span style=\"color: #000000;\"><a style=\"color: #000000;\" href=\"https:\/\/www.sciencedirect.com\/science\/article\/abs\/pii\/S1698031X12700687\">ENLACE A LA REVISTA<\/a><\/span><\/p>\n<hr \/>\n<p><span style=\"color: #000000;\"><a style=\"color: #000000;\" href=\"https:\/\/serendipia.icu\/wp-content\/uploads\/2023\/08\/ARTICULO-6.pdf\"><img data-recalc-dims=\"1\" loading=\"lazy\" decoding=\"async\" class=\"alignleft wp-image-173\" src=\"https:\/\/i0.wp.com\/serendipia.icu\/wp-content\/uploads\/2023\/08\/gacetasanitaria.jpg?resize=56%2C76&#038;ssl=1\" alt=\"\" width=\"56\" height=\"76\" srcset=\"https:\/\/i0.wp.com\/serendipia.icu\/wp-content\/uploads\/2023\/08\/gacetasanitaria.jpg?resize=220%2C300&amp;ssl=1 220w, https:\/\/i0.wp.com\/serendipia.icu\/wp-content\/uploads\/2023\/08\/gacetasanitaria.jpg?w=563&amp;ssl=1 563w\" sizes=\"auto, (max-width: 56px) 100vw, 56px\" \/><\/a><a style=\"color: #000000;\" href=\"https:\/\/serendipia.icu\/wp-content\/uploads\/2023\/08\/ARTICULO-6.pdf\">Cruz-Rojo, C., Bejar, L. M., &amp; L\u00f3pez-Vega, D. J. (2011). Ingresos hospitalarios en el \u00e1rea de la Bah\u00eda de Algeciras: Comparaci\u00f3n con Andaluc\u00eda y Espa\u00f1a (2001-2005). Gaceta Sanitaria, 25, 403-411.<\/a><\/span><\/p>\n<p><span style=\"color: #000000;\"><a style=\"color: #000000;\" href=\"https:\/\/www.gacetasanitaria.org\/es-ingresos-hospitalarios-el-area-bahia-articulo-S0213911111000987\">ENLACE A LA REVISTA<\/a><\/span><\/p>\n<hr \/>\n<p><img data-recalc-dims=\"1\" loading=\"lazy\" decoding=\"async\" class=\"alignleft wp-image-351\" src=\"https:\/\/i0.wp.com\/serendipia.icu\/wp-content\/uploads\/2023\/12\/IMG_8451.jpg?resize=52%2C76&#038;ssl=1\" alt=\"\" width=\"52\" height=\"76\" srcset=\"https:\/\/i0.wp.com\/serendipia.icu\/wp-content\/uploads\/2023\/12\/IMG_8451.jpg?resize=204%2C300&amp;ssl=1 204w, https:\/\/i0.wp.com\/serendipia.icu\/wp-content\/uploads\/2023\/12\/IMG_8451.jpg?resize=697%2C1024&amp;ssl=1 697w, https:\/\/i0.wp.com\/serendipia.icu\/wp-content\/uploads\/2023\/12\/IMG_8451.jpg?resize=768%2C1129&amp;ssl=1 768w, https:\/\/i0.wp.com\/serendipia.icu\/wp-content\/uploads\/2023\/12\/IMG_8451.jpg?w=1007&amp;ssl=1 1007w\" sizes=\"auto, (max-width: 52px) 100vw, 52px\" \/><\/p>\n<p><a href=\"http:\/\/Redolosi S\u00e1nchez, E. (2023). C\u00f3mo abordar el c\u00e1ncer infantil en el entorno escolar. Padres Y Maestros \/ Journal of Parents and Teachers, (393) https:\/\/doi.org\/10.14422\/pym.i393.y2023.003\">\u00a0R<\/a><a href=\"http:\/\/Redolosi S\u00e1nchez, E. (2023). C\u00f3mo abordar el c\u00e1ncer infantil en el entorno escolar. Padres Y Maestros \/ Journal of Parents and Teachers, (393) https:\/\/doi.org\/10.14422\/pym.i393.y2023.003\">edolosi S\u00e1nchez, E. (2023). C\u00f3mo abordar el c\u00e1ncer infantil en el entorno escolar.\u00a0<i>Padres Y Maestros \/ Journal of Parents and Teachers<\/i>, (393), 19\u201323. https:\/\/doi.org\/10.14422\/pym.i393.y2023.003<\/a><\/p>\n<p><a href=\"https:\/\/doi.org\/10.14422\/pym.i393.y2023.003\">ENLACE A LA REVISTA<\/a><\/p>\n<p>&nbsp;<\/p>\n","protected":false},"excerpt":{"rendered":"<p>Libros L\u00f3pez-Vega, D.J, de Quesada, M., Morell, M.F., Mart\u00ednez-Vallier, C., C\u00f3rdoba-Santos, G., Tornero, D., S\u00e1nchez-Alegre, C., Torrescusa, O. Serra-Olives, N. (2018). En mis zapatos. Gu\u00eda de recomendaciones para comunicar sobre el suicidio. Sevilla: Papageno &amp; La Ni\u00f1a Amarilla &amp; AFASIB ISBN: 978-84-09-42869-4 &nbsp; L\u00f3pez Vega, D.J. (2017) Festival de \u00c1nimas. C\u00e1diz: Kokoro ISBN: 978\u201084\u2010697\u20106173\u20101 L\u00f3pez [&hellip;]<\/p>\n","protected":false},"author":1,"featured_media":0,"parent":109,"menu_order":0,"comment_status":"closed","ping_status":"closed","template":"","meta":{"_uag_custom_page_level_css":"","jetpack_post_was_ever_published":false,"_joinchat":[],"footnotes":""},"class_list":["post-100","page","type-page","status-publish","hentry"],"uagb_featured_image_src":{"full":false,"thumbnail":false,"medium":false,"medium_large":false,"large":false,"1536x1536":false,"2048x2048":false},"uagb_author_info":{"display_name":"daniel_lv","author_link":"https:\/\/serendipia.icu\/index.php\/author\/daniel_lv\/"},"uagb_comment_info":0,"uagb_excerpt":"Libros L\u00f3pez-Vega, D.J, de Quesada, M., Morell, M.F., Mart\u00ednez-Vallier, C., C\u00f3rdoba-Santos, G., Tornero, D., S\u00e1nchez-Alegre, C., Torrescusa, O. Serra-Olives, N. (2018). En mis zapatos. Gu\u00eda de recomendaciones para comunicar sobre el suicidio. Sevilla: Papageno &amp; La Ni\u00f1a Amarilla &amp; AFASIB ISBN: 978-84-09-42869-4 &nbsp; L\u00f3pez Vega, D.J. (2017) Festival de \u00c1nimas. C\u00e1diz: Kokoro ISBN: 978\u201084\u2010697\u20106173\u20101 L\u00f3pez&hellip;","jetpack-related-posts":[],"jetpack_sharing_enabled":true,"_links":{"self":[{"href":"https:\/\/serendipia.icu\/index.php\/wp-json\/wp\/v2\/pages\/100","targetHints":{"allow":["GET"]}}],"collection":[{"href":"https:\/\/serendipia.icu\/index.php\/wp-json\/wp\/v2\/pages"}],"about":[{"href":"https:\/\/serendipia.icu\/index.php\/wp-json\/wp\/v2\/types\/page"}],"author":[{"embeddable":true,"href":"https:\/\/serendipia.icu\/index.php\/wp-json\/wp\/v2\/users\/1"}],"replies":[{"embeddable":true,"href":"https:\/\/serendipia.icu\/index.php\/wp-json\/wp\/v2\/comments?post=100"}],"version-history":[{"count":35,"href":"https:\/\/serendipia.icu\/index.php\/wp-json\/wp\/v2\/pages\/100\/revisions"}],"predecessor-version":[{"id":350,"href":"https:\/\/serendipia.icu\/index.php\/wp-json\/wp\/v2\/pages\/100\/revisions\/350"}],"up":[{"embeddable":true,"href":"https:\/\/serendipia.icu\/index.php\/wp-json\/wp\/v2\/pages\/109"}],"wp:attachment":[{"href":"https:\/\/serendipia.icu\/index.php\/wp-json\/wp\/v2\/media?parent=100"}],"curies":[{"name":"wp","href":"https:\/\/api.w.org\/{rel}","templated":true}]}}